e s(10). What is the greatest common factor of y and j?
3
Suppose o - f + 6 = -3*o, o + f - 1 = 0. Let j be (3 - 8)*(-2 - o). Suppose 4*b + r = 172, 0*b - 22 = -b + j*r. What is the highest common factor of 6 and b?
6
Let i(b) = b**2 - 2*b - 3. Let c be i(4). Suppose -c*d + 45 = -4*z, -2*d + d + 5*z + 9 = 0. What is the highest common divisor of d and 3?
3
Let v(m) be the second derivative of m**4/6 - 7*m**3/3 + 3*m**2 - 4*m. Let r be v(8). What is the highest common factor of r and 22?
22
Suppose -4*y + 5*d - 504 = -2020, 5*d = 20. Calculate the highest common divisor of y and 24.
24
Let f(d) = 10*d + 28. Let i be f(5). Calculate the highest common factor of i and 65.
13
Let b(c) = c**3 - 43*c**2 + 44*c - 68. Let y be b(42). Calculate the highest common divisor of y and 20.
4
Suppose -705 = -4*g + 5*r, -4*g = -9*g + 5*r + 880. Let y = -3618 - -3688. Calculate the highest common factor of g and y.
35
Suppose -k + 7 = -18. Calculate the greatest common factor of k and 60.
5
Let n(t) = -t + 4. Let k be n(-3). Suppose 21 = w - 0*f + 4*f, 4*f = 2*w + 18. What is the greatest common factor of k and w?
1
Let y = 0 + 1. Let j = 57 + -55. Let z be 3/2 + y/j. What is the greatest common factor of z and 1?
1
Suppose 3*a = -3, v - a = -3*a + 130. What is the highest common divisor of v and 231?
33
Let i(m) = 31*m**3 - m**2. Let b be i(1). Let z be b/2 - (-16)/4. Suppose 4*v = -z + 131. What is the highest common divisor of v and 7?
7
Let q(y) = -y + 81. Let x be q(-38). Calculate the greatest common factor of x and 51.
17
Suppose 0*m - 2*b = -2*m + 286, -5*m + 4*b = -716. Suppose 5*c = -4*j + 64, -3*j - 6*c + 5*c = -48. What is the highest common factor of j and m?
16
Suppose -t - 2*b + 0*b + 389 = 0, -4*b = 4*t - 1576. Calculate the highest common divisor of 57 and t.
57
Suppose -2*v + 9 + 131 = 0. Let q be (96/56)/(1/v). Suppose 0*j = 6*j - q. What is the highest common divisor of j and 30?
10
Let q(u) = -1 + 5 - 3*u**2 + 4 + 8*u + 2*u**2. Let t be q(7). What is the highest common factor of t and 5?
5
Let c(h) be the second derivative of 14*h**3/3 - 10*h**2 + 3*h. Let i be c(3). Calculate the highest common divisor of 4 and i.
4
Let v be -902*(42/12 + -4). Calculate the highest common divisor of v and 164.
41
Suppose 2*y - 6 = -2. Suppose -y*l - 4 = 4*i - 0, -16 = -4*l + 4*i. Let c be (21 - -4 - -1) + l. Calculate the greatest common factor of c and 70.
14
Suppose 0 = -20*s + 549 + 491. Calculate the greatest common divisor of 104 and s.
52
Let q be (-7 + 5)*3/(-2). Suppose -c = 4*c - 250. Let i be (1 - c/(-2)) + 1. What is the highest common divisor of i and q?
3
Let a be ((-10)/(-2))/((-123)/21 - -6). Calculate the highest common divisor of 245 and a.
35
Let x(o) = 4*o**2 - 2*o**2 - 36 + 36 + 4*o. Let m be x(-3). Suppose 2*p - m = 6. Calculate the greatest common factor of p and 48.
6
Suppose 0 = -2*c - 0*d - d + 24, -3*d - 68 = -4*c. Let r(s) = -2 + s**2 - 5*s + 21 - 10*s + 2. Let l be r(c). What is the highest common factor of l and 1?
1
Let l be 1135/20 + (3 - (-30)/(-8)). Calculate the highest common factor of 910 and l.
14
Suppose y + 0*k + k - 50 = 0, -k = 5*y - 230. Let m = -21 + 12. Let c be ((-20)/6)/(6/m). What is the greatest common factor of y and c?
5
Suppose 3*g - 71 = 2*d - 438, 2*d = 5*g + 377. What is the highest common divisor of d and 32?
16
Let g(z) = 2*z**3 + 23*z**2 + 9*z - 6. Let o be g(-11). What is the highest common factor of o and 36?
4
Suppose -4 = -25*i - 4. Let z(n) = 7*n**3 + 0*n - 8*n**3 + n**2 - n + 19. Let m be z(i). Calculate the highest common factor of 209 and m.
19
Let d be 110/9 - 12/54. Let q(y) be the first derivative of y**3/3 - 3*y**2 + 8*y - 4. Let b be q(8). What is the greatest common factor of b and d?
12
Let g = 267 - 257. What is the greatest common divisor of g and 1810?
10
Suppose g = -a + 177, -3*g + a + 628 = 101. Calculate the highest common factor of 16 and g.
16
Let m = 48 + -19. Let q = 237 - -24. Calculate the greatest common factor of q and m.
29
Suppose -4*w = w - 5*k - 60, 5*w - 64 = 4*k. Calculate the highest common divisor of 176 and w.
16
Let l be (3 - 2388/(-16))*40/15. Calculate the greatest common factor of 14 and l.
14
Suppose 4*k - 76 = 5*b, 0*b = 4*b. Let v = -13 + 32. Calculate the highest common divisor of v and k.
19
Suppose -7 = p - 4. Let g(i) = -i**3 - 3*i**2 + i - 1. Let s be g(p). Let q be 0 - (-3 - -3) - s. Calculate the greatest common factor of q and 1.
1
Suppose 5*o + 13 = -f, 5*f + 2*o = -0*f + 27. Suppose -n - 6 = -5*u, -2*u = 4*n - 8*n - 6. Calculate the highest common factor of u and f.
1
Suppose 4*w = 3*w + 36. Let m(b) = -b**3 + 10*b**2 + b - 11. Let o be m(10). Let l be 22 - (-6)/(-3)*o. What is the greatest common factor of w and l?
12
Let l = -11 + 15. Suppose l*r - 56 = -4*q + 16, 0 = -4*r + 12. What is the highest common factor of 15 and q?
15
Let y(r) = r**3 + 7*r**2 - 3*r - 23. Let s be y(-7). Let i be 25 - -2 - (s - (-8 - -4)). Calculate the greatest common factor of i and 175.
25
Suppose 2*r - 55 = -4*u + r, 3*u - 2*r - 33 = 0. Let a = 37 - u. Calculate the highest common divisor of 12 and a.
12
Let l be (-8)/24 - 95/(-15). What is the greatest common factor of l and 174?
6
Let t be -21 - -21 - (-1535 + -2). Calculate the highest common factor of t and 29.
29
Suppose 4*k + 3*i - 3217 = 4*i, -k - i = -808. What is the highest common divisor of 35 and k?
35
Let a be 2*(-21)/14*-17. Calculate the highest common divisor of a and 119.
17
Let a be (-11 - -9)*9/(-2). Let u be 2163/a - (-15)/9. Calculate the greatest common divisor of 22 and u.
22
Let o = 0 + 8. Suppose 0 = -4*y + 8, -3*l - 3*y + 0 + 12 = 0. What is the highest common factor of o and l?
2
Let f(v) = v**3 + 38*v**2 - 46*v - 178. Let p be f(-39). Calculate the greatest common divisor of 19 and p.
19
Let o(x) = x**2 + 2*x - 77. Let u be o(0). Let v = u - -212. Suppose f + 2*f = v. Calculate the highest common factor of f and 9.
9
Suppose -r - 5015 = -5*i, r - 2*r - 2003 = -2*i. Suppose 0 = -4*a + i + 1196. What is the highest common divisor of a and 50?
50
Suppose -w + 5*x = 9*x - 57, 4*w - 148 = 4*x. Calculate the greatest common divisor of w and 656.
41
Suppose 90*k = 8*k + 5330. Suppose 5*j = -2*g + 57, -j - 8*g = -3*g + 7. Calculate the greatest common divisor of j and k.
13
Let s be (-3990)/(-150) + (-4)/(-10). Calculate the highest common divisor of 63 and s.
9
Suppose 113 = 2*r + 3*g, -3*g - 13 + 291 = 5*r. What is the greatest common divisor of 143 and r?
11
Let v = 176 + -164. Let g be -2 + (2*5)/2. Calculate the highest common divisor of v and g.
3
Let j = -1789 + 1854. What is the greatest common factor of 325 and j?
65
Let l(q) = -q**3 - 3*q**2 - 7*q + 3. Let x be l(-3). Suppose 3*m - 7*m + 480 = 0. Calculate the greatest common divisor of x and m.
24
Suppose -6*n + 1282 - 19 = 5*y, -5*n = 2*y - 500. What is the greatest common factor of y and 135?
15
Let l = 36 - 84. Let y be 0 - l/(2/1). Let m be 7 - (2/3)/(10/(-15)). Calculate the greatest common factor of y and m.
8
Let y be -3 + (-2 + -1)*-1. Suppose 4*x - 4*b = 256, y*x + 4*x = -2*b + 262. Let t = 4 - -9. What is the greatest common factor of x and t?
13
Let v be -7*(-6 + (6 - 5)). What is the highest common divisor of 7 and v?
7
Let x = -500 - -509. Calculate the greatest common divisor of 126 and x.
9
Suppose 0 = 8*f - 302 - 58. Let t = 8 - 3. Calculate the greatest common divisor of f and t.
5
Suppose -3*u = -0*u - 12. Suppose 4*d = -u*p + 116, 0 = -p - 2*p + 5*d + 95. Calculate the greatest common divisor of 10 and p.
10
Suppose 189 = j + 2*l - l, 0 = -4*j + 2*l + 726. Calculate the highest common factor of j and 8.
8
Let u = 1 - -34. Let a(c) = -4*c + 17. Let n be a(3). What is the greatest common factor of n and u?
5
Let k = 527 - 478. Calculate the highest common divisor of k and 7.
7
Suppose -2*r + 86 + 6 = 0. Let l = r - 13. Calculate the highest common factor of l and 11.
11
Let b = 256 + -255. What is the highest common divisor of 32 and b?
1
Let h be 26/7 - (-12)/42. Let m be 2/(2 - h) - -1. Suppose u - 1 = 2*a - m*u, 4*a = 4*u - 12. Calculate the greatest common factor of a and 2.
2
Let x(m) = 2*m**2 - m - 25. Let o be x(-5). Calculate the highest common divisor of 255 and o.
15
Suppose -12*l + 63 = 3. Calculate t